, 12541
List the prime factors of 550.
2, 5, 11
List the prime factors of 29589.
3, 7, 1409
List the prime factors of 41217.
3, 11, 1249
What are the prime factors of 11050?
2, 5, 13, 17
List the prime factors of 27159.
3, 11, 823
List the prime factors of 225.
3, 5
What are the prime factors of 1319?
1319
List the prime factors of 34983.
3, 13, 23
List the prime factors of 3632.
2, 227
List the prime factors of 20243.
31, 653
List the prime factors of 2288.
2, 11, 13
List the prime factors of 1279.
1279
List the prime factors of 24732.
2, 3, 229
What are the prime factors of 5230?
2, 5, 523
List the prime factors of 320.
2, 5
List the prime factors of 15619.
15619
What are the prime factors of 3551?
53, 67
What are the prime factors of 891?
3, 11
List the prime factors of 1133.
11, 103
List the prime factors of 645.
3, 5, 43
List the prime factors of 8371.
11, 761
What are the prime factors of 5628?
2, 3, 7, 67
What are the prime factors of 67703?
79, 857
What are the prime factors of 1367?
1367
List the prime factors of 4620.
2, 3, 5, 7, 11
What are the prime factors of 20034?
2, 3, 7, 53
What are the prime factors of 2159?
17, 127
List the prime factors of 2267.
2267
List the prime factors of 1348.
2, 337
List the prime factors of 2707.
2707
What are the prime factors of 1077?
3, 359
What are the prime factors of 16087?
16087
List the prime factors of 2903.
2903
List the prime factors of 7892.
2, 1973
List the prime factors of 14512.
2, 907
What are the prime factors of 13?
13
List the prime factors of 2086.
2, 7, 149
List the prime factors of 21188.
2, 5297
What are the prime factors of 10068?
2, 3, 839
List the prime factors of 26839.
26839
List the prime factors of 7671.
3, 2557
What are the prime factors of 6322?
2, 29, 109
List the prime factors of 404.
2, 101
What are the prime factors of 97817?
29, 3373
What are the prime factors of 1177?
11, 107
What are the prime factors of 74238?
2, 3, 12373
What are the prime factors of 1284?
2, 3, 107
What are the prime factors of 113819?
113819
What are the prime factors of 2707?
2707
List the prime factors of 84921.
3, 28307
List the prime factors of 13200.
2, 3, 5, 11
What are the prime factors of 696?
2, 3, 29
List the prime factors of 11080.
2, 5, 277
What are the prime factors of 43774?
2, 43, 509
List the prime factors of 16685.
5, 47, 71
List the prime factors of 4087.
61, 67
What are the prime factors of 3645?
3, 5
What are the prime factors of 6907?
6907
What are the prime factors of 33897?
3, 11299
List the prime factors of 280.
2, 5, 7
What are the prime factors of 5282?
2, 19, 139
What are the prime factors of 67527?
3, 41, 61
What are the prime factors of 6193?
11, 563
List the prime factors of 43602.
2, 3, 13, 43
What are the prime factors of 78894?
2, 3, 487
What are the prime factors of 358?
2, 179
List the prime factors of 20448.
2, 3, 71
List the prime factors of 16281.
3, 67
List the prime factors of 21191.
21191
List the prime factors of 6895.
5, 7, 197
What are the prime factors of 7799?
11, 709
What are the prime factors of 4150?
2, 5, 83
List the prime factors of 897.
3, 13, 23
List the prime factors of 10978.
2, 11, 499
What are the prime factors of 2449?
31, 79
What are the prime factors of 11857?
71, 167
What are the prime factors of 352?
2, 11
What are the prime factors of 59317?
23, 2579
List the prime factors of 337.
337
List the prime factors of 2016.
2, 3, 7
What are the prime factors of 9439?
9439
What are the prime factors of 81672?
2, 3, 41, 83
What are the prime factors of 1223?
1223
What are the prime factors of 110?
2, 5, 11
List the prime factors of 1465.
5, 293
List the prime factors of 840.
2, 3, 5, 7
List the prime factors of 14716.
2, 13, 283
What are the prime factors of 12374?
2, 23, 269
List the prime factors of 2233.
7, 11, 29
List the prime factors of 1550.
2, 5, 31
List the prime factors of 3162.
2, 3, 17, 31
What are the prime factors of 5383?
7, 769
What are the prime factors of 2922?
2, 3, 487
What are the prime factors of 2406?
2, 3, 401
List the prime factors of 143174.
2, 17, 4211
List the prime factors of 16718.
2, 13, 643
List the prime factors of 1613.
1613
List the prime factors of 33.
3, 11
List the prime factors of 388.
2, 97
What are the prime factors of 28078?
2, 101, 139
List the prime factors of 1373.
1373
List the prime factors of 7541.
7541
What are the prime factors of 789?
3, 263
List the prime factors of 2366.
2, 7, 13
What are the prime factors of 1110?
2, 3, 5, 37
What are the prime factors of 107567?
263, 409
What are the prime factors of 75721?
75721
List the prime factors of 6831.
3, 11, 23
What are the prime factors of 4221?
3, 7, 67
List the prime factors of 31354.
2, 61, 257
List the prime factors of 87.
3, 29
What are the prime factors of 3020?
2, 5, 151
List the prime factors of 2068.
2, 11, 47
List the prime factors of 15315.
3, 5, 1021
What are the prime factors of 1152?
2, 3
List the prime factors of 32108.
2, 23, 349
What are the prime factors of 107458?
2, 13, 4133
What are the prime factors of 329?
7, 47
List the prime factors of 3449.
3449
What are the prime factors of 38975?
5, 1559
What are the prime factors of 29734?
2, 14867
List the prime factors of 4434.
2, 3, 739
List the prime factors of 11.
11
What are the prime factors of 546?
2, 3, 7, 13
What are the prime factors of 6710?
2, 5, 11, 61
List the prime factors of 338.
2, 13
List the prime factors of 3773.
7, 11
List the prime factors of 2144.
2, 67
What are the prime factors of 43251?
3, 13, 1109
What are the prime factors of 4331?
61, 71
List the prime factors of 14083.
14083
What are the prime factors of 4912?
2, 307
What are the prime factors of 1426?
2, 23, 31
List the prime factors of 6328.
2, 7, 113
What are the prime factors of 548?
2, 137
List the prime factors of 24099.
3, 29, 277
What are the prime factors of 9516?
2, 3, 13, 61
List the prime factors of 365.
5, 73
List the prime factors of 4511.
13, 347
List the prime factors of 3415.
5, 683
List the prime factors of 2844.
2, 3, 79
List the prime factors of 3375.
3, 5
List the prime factors of 12721.
12721
List the prime factors of 301.
7, 43
List the prime factors of 10982.
2, 17, 19
List the prime factors of 4078.
2, 2039
What are the prime factors of 6059?
73, 83
What are the prime factors of 3620?
2, 5, 181
List the prime factors of 52879.
52879
What are the prime factors of 5836?
2, 1459
List the prime factors of 989.
23, 43
What are the prime factors of 14915?
5, 19, 157
List the prime factors of 24536.
2, 3067
What are the prime factors of 3273?
3, 1091
What are the prime factors of 39851?
7, 5693
What are the prime factors of 11420?
2, 5, 571
What are the prime factors of 74452?
2, 7, 2659
What are the prime factors of 106698?
2, 3, 17783
What are the prime factors of 1358?
2, 7, 97
List the prime factors of 1133.
11, 103
List the prime factors of 848.
2, 53
What are the prime factors of 3874?
2, 13, 149
List the prime factors of 965.
5, 193
List the prime factors of 12884.
2, 3221
What are the prime factors of 68802?
2, 3, 11467
List the prime factors of 36192.
2, 3, 13, 29
What are the prime factors of 841?
29
What are the prime factors of 64?
2
List the prime factors of 39782.
2, 19891
What are the prime factors of 397?
397
What are the prime factors of 45417?
3, 15139
List the prime factors of 4147.
11, 13, 29
What are the prime factors of 49338?
2, 3, 2741
What are the prime factors of 110750?
2, 5, 443
List the prime factors of 19211.
19211
List the prime factors of 77854.
2, 7, 67, 83
What are the prime factors of 416?
2, 13
What are the prime factors of 15709?
23, 683
What are the prime factors of 3743?
19, 197
What are the prime factors of 7185?
3, 5, 479
What are the prime factors of 2456?
2, 307
List the prime factors of 2776.
2, 347
List the prime factors of 422.
2, 211
List the prime factors of 6520.
2, 5, 163
What are the prime factors of 1392?
2, 3, 29
List the prime factors of 892.
2, 223
List the prime factors of 2761.
11, 251
What are the prime factors of 9442?
2, 4721
What are the prime factors of 7102?
2, 53, 67
What are the prime factors of 823?
823
What are the prime factors of 12283?
71, 173
List the prime factors of 20637.
3, 2293
What are the prime facto